{"id":320,"date":"2013-08-21T13:03:32","date_gmt":"2013-08-21T11:03:32","guid":{"rendered":"http:\/\/www.royalfilmmakers.com\/wp\/?page_id=320"},"modified":"2025-10-08T16:40:32","modified_gmt":"2025-10-08T15:40:32","slug":"unsere-leistungen","status":"publish","type":"page","link":"https:\/\/www.royalfilmmakers.com\/?page_id=320","title":{"rendered":"Unsere Leistungen"},"content":{"rendered":"<p><span style=\"font-size: 12pt; color: #000000;\">Die Royal Filmmakers GmbH produziert TV-Dokumentationen, Unterrichts-, Schulungs- und Imagefilme, Videoinstallationen u.v.m. Unsere Spezialgebiete sind Dokumentarfilme und Medien f\u00fcr den Bildungsbereich. Wir arbeiten mit einem gro\u00dfen Netzwerk von freischaffenden Medienspezialisten zusammen.<\/span><\/p>\n<p><span style=\"font-size: 12pt; color: #000000;\">Das bringen wir mit:<\/span><\/p>\n<ul>\n<li><span style=\"font-size: 12pt; color: #000000;\">Studium Dokumentarfilm und Fernsehpublizistik an der Hochschule f\u00fcr Fernsehen und Film, M\u00fcnchen<\/span><\/li>\n<li><span style=\"font-size: 12pt; color: #000000;\">langj\u00e4hrige Berufserfahrung in der Branche (Fernsehen, Produktionsfirmen, Journalismus, PR)<\/span><\/li>\n<li><span style=\"font-size: 12pt; color: #000000;\">Auslandserfahrung von Drehs und Projekten auf der ganzen Welt<\/span><\/li>\n<li><span style=\"font-size: 12pt; color: #000000;\">eigenes Produktions- und Postproduktionsequipment<\/span><\/li>\n<li><span style=\"font-size: 12pt; color: #000000;\">ein gro\u00dfes, eingespieltes und kompetentes Netzwerk aus Spezialisten f\u00fcr den gesamten Produktionsprozess (wir sind Teil der <a href=\"http:\/\/www.mars13.de\" target=\"_blank\" rel=\"noopener\">Mars13Studios<\/a>).<\/span><\/li>\n<li><span style=\"font-size: 12pt; color: #000000;\">ein zentral gelegenes B\u00fcro mit Besprechungsraum und Garten f\u00fcr Meetings, Sichtungen und Abnahmen direkt am M\u00fcnchner Hauptbahnhof, in der Marsstr. 13.<\/span><\/li>\n<\/ul>\n","protected":false},"excerpt":{"rendered":"<p>Die Royal Filmmakers GmbH produziert TV-Dokumentationen, Unterrichts-, Schulungs- und Imagefilme, Videoinstallationen u.v.m. Unsere Spezialgebiete sind Dokumentarfilme und Medien f\u00fcr den Bildungsbereich. Wir arbeiten mit einem gro\u00dfen Netzwerk von freischaffenden Medienspezialisten zusammen. Das bringen wir mit: Studium Dokumentarfilm und Fernsehpublizistik an der Hochschule f\u00fcr Fernsehen und Film, M\u00fcnchen langj\u00e4hrige Berufserfahrung in der Branche (Fernsehen, Produktionsfirmen, Journalismus, <a href=\"https:\/\/www.royalfilmmakers.com\/?page_id=320\">&raquo;more<\/a><\/p>\n","protected":false},"author":2,"featured_media":0,"parent":0,"menu_order":0,"comment_status":"closed","ping_status":"closed","template":"","meta":{"footnotes":""},"class_list":["post-320","page","type-page","status-publish","hentry"],"_links":{"self":[{"href":"https:\/\/www.royalfilmmakers.com\/index.php?rest_route=\/wp\/v2\/pages\/320","targetHints":{"allow":["GET"]}}],"collection":[{"href":"https:\/\/www.royalfilmmakers.com\/index.php?rest_route=\/wp\/v2\/pages"}],"about":[{"href":"https:\/\/www.royalfilmmakers.com\/index.php?rest_route=\/wp\/v2\/types\/page"}],"author":[{"embeddable":true,"href":"https:\/\/www.royalfilmmakers.com\/index.php?rest_route=\/wp\/v2\/users\/2"}],"replies":[{"embeddable":true,"href":"https:\/\/www.royalfilmmakers.com\/index.php?rest_route=%2Fwp%2Fv2%2Fcomments&post=320"}],"version-history":[{"count":18,"href":"https:\/\/www.royalfilmmakers.com\/index.php?rest_route=\/wp\/v2\/pages\/320\/revisions"}],"predecessor-version":[{"id":4942,"href":"https:\/\/www.royalfilmmakers.com\/index.php?rest_route=\/wp\/v2\/pages\/320\/revisions\/4942"}],"wp:attachment":[{"href":"https:\/\/www.royalfilmmakers.com\/index.php?rest_route=%2Fwp%2Fv2%2Fmedia&parent=320"}],"curies":[{"name":"wp","href":"https:\/\/api.w.org\/{rel}","templated":true}]}}